{"id":18,"date":"2025-11-19T16:40:26","date_gmt":"2025-11-19T15:40:26","guid":{"rendered":"https:\/\/karlaby.se\/?page_id=18"},"modified":"2026-03-12T23:56:52","modified_gmt":"2026-03-12T22:56:52","slug":"hem","status":"publish","type":"page","link":"https:\/\/karlaby.se\/","title":{"rendered":"Hem"},"content":{"rendered":"<section id=\"start\" class=\"bde-section-18-100 bde-section\">\n              \n  \n  \n\t\n\n  <div class=\"section-background-overlay\"><\/div>\n\n\n<div class=\"section-container\"><div class=\"bde-back-to-top-18-249 bde-back-to-top bde-back-to-top--progress is-sticky\">\n\n\n<button aria-label=\"Back to top\" tabindex=\"0\" class=\"bde-back-to-top__button bde-back-to-top__button--progress bde-back-to-top__button--show-always bde-back-to-top__button--animation-fade is-sticky  js-ee-back-to-top\">\n    \t<svg class=\"bde-back-to-top__progress-svg js-progress-svg\" width=\"100%\" height=\"100%\" viewBox=\"-1 -1 102 102\">\n\t  <path class=\"background\" d=\"M50,1 a49,49 0 0,1 0,98 a49,49 0 0,1 0,-98\"\/>\n      <path class=\"tracker\" d=\"M50,1 a49,49 0 0,1 0,98 a49,49 0 0,1 0,-98\"\/>\n  \t<\/svg>\n         <div class=\"bde-back-to-top__icon-wrap\">\n                <svg xmlns=\"http:\/\/www.w3.org\/2000\/svg\" id=\"icon-arrow-up\" viewBox=\"0 0 32 32\">\n<path d=\"M16 1l-15 15h9v16h12v-16h9z\"\/>\n<\/svg>\n          <\/div>\n    <\/button>\n\n\n<\/div><h2 class=\"bde-heading-18-102 bde-heading\">\nDags att koppla av?\n<\/h2><h1 class=\"bde-heading-18-101 bde-heading\">\nKarlaby Kro\n<\/h1><div class=\"bde-button-18-103 bde-button\">\n    \n                        \n                        \n    \n    \n    \n    \n            \n                    \n            \n            \n\n    \n    \n    \n    \n    \n    <a class=\"breakdance-link button-atom button-atom--primary bde-button__button\" href=\"#rum\" target=\"_self\" data-type=\"url\"  >\n\n    \n        <span class=\"button-atom__text\">Boka din vistelse<\/span>\n\n        \n        \n                <\/a>\n\n    \n\n\n<\/div><\/div>\n<\/section><section id=\"rum\" class=\"bde-section-18-104 bde-section\">\n  \n  \n\t\n\n\n\n<div class=\"section-container\"><div class=\"bde-columns-18-194 bde-columns\"><div class=\"bde-column-18-211 bde-column\">\n  \n  \n\t\n\n\n\n<h2 class=\"bde-heading-18-213 bde-heading\">\nRum & sviter\n<\/h2><div class=\"bde-rich-text-18-214 bde-rich-text breakdance-rich-text-styles\">\n<p>P\u00e5 Karlaby Kro \u00e4r inget rum det andra likt. H\u00e4r bor du i en varm och lugn milj\u00f6 d\u00e4r linne, mjukt ljus och genomt\u00e4nkta detaljer s\u00e4tter tonen.<\/p><p>V\u00e4lj ett ombonat rum f\u00f6r en stilla natt, ett gener\u00f6sare rum att landa i eller en svit n\u00e4r du vill dra ner tempot p\u00e5 riktigt. V\u00e5ra mysiga och trivsamma rum f\u00f6r tv\u00e5 personer \u00e4r alla unikt inredda, med sin egen charm och karakt\u00e4r. Det skapar en personlig och hemtrevlig atmosf\u00e4r i en stillsam \u00d6sterlenmilj\u00f6 \u2013 perfekt f\u00f6r par eller tv\u00e5 v\u00e4nner som vill koppla av och njuta av vistelsen.<\/p><p>Oavsett rumstyp v\u00e4ntar samma k\u00e4nsla: tystnad, komfort och \u00d6sterlen precis utanf\u00f6r f\u00f6nstret.<\/p><p><strong>I varje bokning ing\u00e5r: <\/strong><\/p><ul><li>3-r\u00e4tters middag<\/li><li>Frukost<\/li><li>Tillg\u00e5ng till relaxavdelningen<\/li><\/ul>\n<\/div><div class=\"bde-shortcode-18-248 bde-shortcode\"><script async=\"\" data-form-id=\"8c421bdd8f2f61d5\" src=\"https:\/\/secured.sirvoy.com\/widget\/sirvoy.js\"><\/script><\/div>\n<\/div><div class=\"bde-column-18-212 bde-column\">\n  \n  \n\t\n\n\n\n<div class=\"bde-gallery-18-216 bde-gallery\">\n\n\n  \n\n\n\n\n\n\n\n\n\n\n<div class=\"ee-gallery ee-gallery--default ee-gallery--grid ee-gallery--single ee-gallery--lightbox ee-gallery-- ee-gallery--caption- ee-gallery--caption-none ee-gallery--ratio\">\n                  \n      <a class=\"ee-gallery-item ee-gallery-item--image ee-gallery-item--single\" href=\"https:\/\/karlaby.se\/wp-content\/uploads\/2026\/01\/Rum-karlaby-1.jpg\"  data-sub-html=\"<span><\/span>\" data-category=\"1\"                  data-lg-size=\"1600-1067\"\n\n      >\n        <figure class=\"ee-gallery-item-figure\">\n                        <img decoding=\"async\" class=\"breakdance-image-object\" src=\"https:\/\/karlaby.se\/wp-content\/uploads\/2026\/01\/Rum-karlaby-1-768x512.jpg\" width=\"768\" height=\"512\" srcset=\"https:\/\/karlaby.se\/wp-content\/uploads\/2026\/01\/Rum-karlaby-1.jpg 1600w, https:\/\/karlaby.se\/wp-content\/uploads\/2026\/01\/Rum-karlaby-1-300x200.jpg 300w, https:\/\/karlaby.se\/wp-content\/uploads\/2026\/01\/Rum-karlaby-1-1024x683.jpg 1024w, https:\/\/karlaby.se\/wp-content\/uploads\/2026\/01\/Rum-karlaby-1-768x512.jpg 768w, https:\/\/karlaby.se\/wp-content\/uploads\/2026\/01\/Rum-karlaby-1-1536x1024.jpg 1536w\" sizes=\"auto, (max-width: 1600px) 100vw, 1600px\" loading=\"lazy\">\n          \n                  <\/figure>\n      <\/a>\n\n                \n      <a class=\"ee-gallery-item ee-gallery-item--image ee-gallery-item--single\" href=\"https:\/\/karlaby.se\/wp-content\/uploads\/2026\/01\/Rum-Karlaby-3.jpg\"  data-sub-html=\"<span><\/span>\" data-category=\"1\"                  data-lg-size=\"1600-2400\"\n\n      >\n        <figure class=\"ee-gallery-item-figure\">\n                        <img decoding=\"async\" class=\"breakdance-image-object\" src=\"https:\/\/karlaby.se\/wp-content\/uploads\/2026\/01\/Rum-Karlaby-3-768x1152.jpg\" width=\"768\" height=\"1152\" srcset=\"https:\/\/karlaby.se\/wp-content\/uploads\/2026\/01\/Rum-Karlaby-3.jpg 1600w, https:\/\/karlaby.se\/wp-content\/uploads\/2026\/01\/Rum-Karlaby-3-200x300.jpg 200w, https:\/\/karlaby.se\/wp-content\/uploads\/2026\/01\/Rum-Karlaby-3-683x1024.jpg 683w, https:\/\/karlaby.se\/wp-content\/uploads\/2026\/01\/Rum-Karlaby-3-768x1152.jpg 768w, https:\/\/karlaby.se\/wp-content\/uploads\/2026\/01\/Rum-Karlaby-3-1024x1536.jpg 1024w, https:\/\/karlaby.se\/wp-content\/uploads\/2026\/01\/Rum-Karlaby-3-1365x2048.jpg 1365w\" sizes=\"auto, (max-width: 1600px) 100vw, 1600px\" loading=\"lazy\">\n          \n                  <\/figure>\n      <\/a>\n\n                \n      <a class=\"ee-gallery-item ee-gallery-item--image ee-gallery-item--single\" href=\"https:\/\/karlaby.se\/wp-content\/uploads\/2025\/11\/Rum-Karlaby-Kro.jpg\"  data-sub-html=\"<span><\/span>\" data-category=\"1\"                  data-lg-size=\"1600-1067\"\n\n      >\n        <figure class=\"ee-gallery-item-figure\">\n                        <img decoding=\"async\" class=\"breakdance-image-object\" src=\"https:\/\/karlaby.se\/wp-content\/uploads\/2025\/11\/Rum-Karlaby-Kro-768x512.jpg\" width=\"768\" height=\"512\" srcset=\"https:\/\/karlaby.se\/wp-content\/uploads\/2025\/11\/Rum-Karlaby-Kro.jpg 1600w, https:\/\/karlaby.se\/wp-content\/uploads\/2025\/11\/Rum-Karlaby-Kro-300x200.jpg 300w, https:\/\/karlaby.se\/wp-content\/uploads\/2025\/11\/Rum-Karlaby-Kro-1024x683.jpg 1024w, https:\/\/karlaby.se\/wp-content\/uploads\/2025\/11\/Rum-Karlaby-Kro-768x512.jpg 768w, https:\/\/karlaby.se\/wp-content\/uploads\/2025\/11\/Rum-Karlaby-Kro-1536x1024.jpg 1536w\" sizes=\"auto, (max-width: 1600px) 100vw, 1600px\" loading=\"lazy\">\n          \n                  <\/figure>\n      <\/a>\n\n                \n      <a class=\"ee-gallery-item ee-gallery-item--image ee-gallery-item--single\" href=\"https:\/\/karlaby.se\/wp-content\/uploads\/2026\/01\/rum.jpeg\"  data-sub-html=\"<span><\/span>\" data-category=\"1\"                  data-lg-size=\"1000-750\"\n\n      >\n        <figure class=\"ee-gallery-item-figure\">\n                        <img decoding=\"async\" class=\"breakdance-image-object\" src=\"https:\/\/karlaby.se\/wp-content\/uploads\/2026\/01\/rum-768x576.jpeg\" width=\"768\" height=\"576\" srcset=\"https:\/\/karlaby.se\/wp-content\/uploads\/2026\/01\/rum.jpeg 1000w, https:\/\/karlaby.se\/wp-content\/uploads\/2026\/01\/rum-300x225.jpeg 300w, https:\/\/karlaby.se\/wp-content\/uploads\/2026\/01\/rum-768x576.jpeg 768w\" sizes=\"auto, (max-width: 1000px) 100vw, 1000px\" loading=\"lazy\">\n          \n                  <\/figure>\n      <\/a>\n\n                \n      <a class=\"ee-gallery-item ee-gallery-item--image ee-gallery-item--single\" href=\"https:\/\/karlaby.se\/wp-content\/uploads\/2026\/01\/Rum-karlaby-3.jpeg\"  data-sub-html=\"<span><\/span>\" data-category=\"1\"                  data-lg-size=\"652-750\"\n\n      >\n        <figure class=\"ee-gallery-item-figure\">\n                        <img decoding=\"async\" class=\"breakdance-image-object\" src=\"https:\/\/karlaby.se\/wp-content\/uploads\/2026\/01\/Rum-karlaby-3.jpeg\" width=\"652\" height=\"750\" srcset=\"https:\/\/karlaby.se\/wp-content\/uploads\/2026\/01\/Rum-karlaby-3.jpeg 652w, https:\/\/karlaby.se\/wp-content\/uploads\/2026\/01\/Rum-karlaby-3-261x300.jpeg 261w\" sizes=\"auto, (max-width: 652px) 100vw, 652px\" loading=\"lazy\">\n          \n                  <\/figure>\n      <\/a>\n\n                \n      <a class=\"ee-gallery-item ee-gallery-item--image ee-gallery-item--single\" href=\"https:\/\/karlaby.se\/wp-content\/uploads\/2026\/01\/Rum-karlaby-2.jpg\"  data-sub-html=\"<span><\/span>\" data-category=\"1\"                  data-lg-size=\"1600-1067\"\n\n      >\n        <figure class=\"ee-gallery-item-figure\">\n                        <img decoding=\"async\" class=\"breakdance-image-object\" src=\"https:\/\/karlaby.se\/wp-content\/uploads\/2026\/01\/Rum-karlaby-2-768x512.jpg\" width=\"768\" height=\"512\" srcset=\"https:\/\/karlaby.se\/wp-content\/uploads\/2026\/01\/Rum-karlaby-2.jpg 1600w, https:\/\/karlaby.se\/wp-content\/uploads\/2026\/01\/Rum-karlaby-2-300x200.jpg 300w, https:\/\/karlaby.se\/wp-content\/uploads\/2026\/01\/Rum-karlaby-2-1024x683.jpg 1024w, https:\/\/karlaby.se\/wp-content\/uploads\/2026\/01\/Rum-karlaby-2-768x512.jpg 768w, https:\/\/karlaby.se\/wp-content\/uploads\/2026\/01\/Rum-karlaby-2-1536x1024.jpg 1536w\" sizes=\"auto, (max-width: 1600px) 100vw, 1600px\" loading=\"lazy\">\n          \n                  <\/figure>\n      <\/a>\n\n      \n  <\/div>\n\n\n\n<\/div>\n<\/div><\/div><\/div>\n<\/section><section id=\"mat\" class=\"bde-section-18-218 bde-section\">\n  \n  \n\t\n\n\n\n<div class=\"section-container\"><div class=\"bde-columns-18-227 bde-columns\"><div class=\"bde-column-18-228 bde-column\">\n  \n  \n\t\n\n\n\n<div class=\"bde-gallery-18-239 bde-gallery\">\n\n\n  \n\n\n\n\n\n\n\n\n\n\n<div class=\"ee-gallery ee-gallery--default ee-gallery--grid ee-gallery--single ee-gallery--lightbox ee-gallery-- ee-gallery--caption- ee-gallery--caption-none ee-gallery--ratio\">\n                  \n      <a class=\"ee-gallery-item ee-gallery-item--image ee-gallery-item--single\" href=\"https:\/\/karlaby.se\/wp-content\/uploads\/2026\/01\/mat-karlaby-5-scaled.jpg\"  data-sub-html=\"<span><\/span>\" data-category=\"1\"                  data-lg-size=\"2560-1662\"\n\n      >\n        <figure class=\"ee-gallery-item-figure\">\n                        <img decoding=\"async\" class=\"breakdance-image-object\" src=\"https:\/\/karlaby.se\/wp-content\/uploads\/2026\/01\/mat-karlaby-5-768x499.jpg\" width=\"768\" height=\"499\" srcset=\"https:\/\/karlaby.se\/wp-content\/uploads\/2026\/01\/mat-karlaby-5-scaled.jpg 2560w, https:\/\/karlaby.se\/wp-content\/uploads\/2026\/01\/mat-karlaby-5-300x195.jpg 300w, https:\/\/karlaby.se\/wp-content\/uploads\/2026\/01\/mat-karlaby-5-1024x665.jpg 1024w, https:\/\/karlaby.se\/wp-content\/uploads\/2026\/01\/mat-karlaby-5-768x499.jpg 768w, https:\/\/karlaby.se\/wp-content\/uploads\/2026\/01\/mat-karlaby-5-1536x997.jpg 1536w, https:\/\/karlaby.se\/wp-content\/uploads\/2026\/01\/mat-karlaby-5-2048x1330.jpg 2048w\" sizes=\"auto, (max-width: 2560px) 100vw, 2560px\" loading=\"lazy\">\n          \n                  <\/figure>\n      <\/a>\n\n                \n      <a class=\"ee-gallery-item ee-gallery-item--image ee-gallery-item--single\" href=\"https:\/\/karlaby.se\/wp-content\/uploads\/2026\/01\/Mat-karlaby-1.jpg\"  data-sub-html=\"<span><\/span>\" data-category=\"1\"                  data-lg-size=\"1600-2400\"\n\n      >\n        <figure class=\"ee-gallery-item-figure\">\n                        <img decoding=\"async\" class=\"breakdance-image-object\" src=\"https:\/\/karlaby.se\/wp-content\/uploads\/2026\/01\/Mat-karlaby-1-768x1152.jpg\" width=\"768\" height=\"1152\" srcset=\"https:\/\/karlaby.se\/wp-content\/uploads\/2026\/01\/Mat-karlaby-1.jpg 1600w, https:\/\/karlaby.se\/wp-content\/uploads\/2026\/01\/Mat-karlaby-1-200x300.jpg 200w, https:\/\/karlaby.se\/wp-content\/uploads\/2026\/01\/Mat-karlaby-1-683x1024.jpg 683w, https:\/\/karlaby.se\/wp-content\/uploads\/2026\/01\/Mat-karlaby-1-768x1152.jpg 768w, https:\/\/karlaby.se\/wp-content\/uploads\/2026\/01\/Mat-karlaby-1-1024x1536.jpg 1024w, https:\/\/karlaby.se\/wp-content\/uploads\/2026\/01\/Mat-karlaby-1-1365x2048.jpg 1365w\" sizes=\"auto, (max-width: 1600px) 100vw, 1600px\" loading=\"lazy\">\n          \n                  <\/figure>\n      <\/a>\n\n                \n      <a class=\"ee-gallery-item ee-gallery-item--image ee-gallery-item--single\" href=\"https:\/\/karlaby.se\/wp-content\/uploads\/2026\/01\/Bild-10-Karlaby.jpg\"  data-sub-html=\"<span><\/span>\" data-category=\"1\"                  data-lg-size=\"1600-1067\"\n\n      >\n        <figure class=\"ee-gallery-item-figure\">\n                        <img decoding=\"async\" class=\"breakdance-image-object\" src=\"https:\/\/karlaby.se\/wp-content\/uploads\/2026\/01\/Bild-10-Karlaby-768x512.jpg\" width=\"768\" height=\"512\" srcset=\"https:\/\/karlaby.se\/wp-content\/uploads\/2026\/01\/Bild-10-Karlaby.jpg 1600w, https:\/\/karlaby.se\/wp-content\/uploads\/2026\/01\/Bild-10-Karlaby-300x200.jpg 300w, https:\/\/karlaby.se\/wp-content\/uploads\/2026\/01\/Bild-10-Karlaby-1024x683.jpg 1024w, https:\/\/karlaby.se\/wp-content\/uploads\/2026\/01\/Bild-10-Karlaby-768x512.jpg 768w, https:\/\/karlaby.se\/wp-content\/uploads\/2026\/01\/Bild-10-Karlaby-1536x1024.jpg 1536w\" sizes=\"auto, (max-width: 1600px) 100vw, 1600px\" loading=\"lazy\">\n          \n                  <\/figure>\n      <\/a>\n\n                \n      <a class=\"ee-gallery-item ee-gallery-item--image ee-gallery-item--single\" href=\"https:\/\/karlaby.se\/wp-content\/uploads\/2025\/11\/Karlaby-kro-2.jpg\"  data-sub-html=\"<span><\/span>\" data-category=\"1\"                  data-lg-size=\"1600-1067\"\n\n      >\n        <figure class=\"ee-gallery-item-figure\">\n                        <img decoding=\"async\" class=\"breakdance-image-object\" src=\"https:\/\/karlaby.se\/wp-content\/uploads\/2025\/11\/Karlaby-kro-2-768x512.jpg\" width=\"768\" height=\"512\" srcset=\"https:\/\/karlaby.se\/wp-content\/uploads\/2025\/11\/Karlaby-kro-2.jpg 1600w, https:\/\/karlaby.se\/wp-content\/uploads\/2025\/11\/Karlaby-kro-2-300x200.jpg 300w, https:\/\/karlaby.se\/wp-content\/uploads\/2025\/11\/Karlaby-kro-2-1024x683.jpg 1024w, https:\/\/karlaby.se\/wp-content\/uploads\/2025\/11\/Karlaby-kro-2-768x512.jpg 768w, https:\/\/karlaby.se\/wp-content\/uploads\/2025\/11\/Karlaby-kro-2-1536x1024.jpg 1536w\" sizes=\"auto, (max-width: 1600px) 100vw, 1600px\" loading=\"lazy\">\n          \n                  <\/figure>\n      <\/a>\n\n      \n  <\/div>\n\n\n\n<\/div>\n<\/div><div class=\"bde-column-18-229 bde-column\">\n  \n  \n\t\n\n\n\n<h2 class=\"bde-heading-18-231 bde-heading\">\nMat & bar\n<\/h2><div class=\"bde-rich-text-18-232 bde-rich-text breakdance-rich-text-styles\">\n<p>P\u00e5 Karlaby Kro \u00e4ter du mat som \u00e4r i s\u00e4songen, lagad med respekt f\u00f6r r\u00e5varan och med tid att njuta. Middagarna serveras i en lugn takt, baren h\u00e5ller \u00f6ppet l\u00e5ngt in p\u00e5 kv\u00e4llen och frukosten dr\u00f6jer sig kvar n\u00e4r morgonljuset faller in \u00f6ver g\u00e5rden.<\/p><p>Allt sker i samma milj\u00f6, d\u00e4r du kan v\u00e4lja mellan ett bord i salen eller en stund vid bardisken med ett glas vin i handen.<\/p>\n<\/div>\n<\/div><\/div><\/div>\n<\/section><section id=\"paket\" class=\"bde-section-18-175 bde-section\">\n  \n  \n\t\n\n\n\n<div class=\"section-container\"><div class=\"bde-columns-18-176 bde-columns\"><div class=\"bde-column-18-177 bde-column\">\n  \n  \n\t\n\n\n\n<h2 class=\"bde-heading-18-178 bde-heading\">\nGolfpaket p\u00e5 Karlaby Kro\n<\/h2><div class=\"bde-rich-text-18-179 bde-rich-text breakdance-rich-text-styles\">\n<p>Kombinera avkoppling, god mat och natursk\u00f6n golf med v\u00e5rt golfpaket p\u00e5 Karlaby Kro. I samarbete med \u00d6sterlens GK erbjuder vi en h\u00e4rlig vistelse d\u00e4r du kan njuta av b\u00e5de spel och lugnet p\u00e5 \u00d6sterlen.<\/p><p>\u00d6sterlens Golfklubb ligger endast cirka 10-15 minuters bilresa fr\u00e5n Karlaby Kro och bjuder p\u00e5 tv\u00e5 vackra banor i ett \u00f6ppet och b\u00f6ljande landskap n\u00e4ra havet - en upplevelse f\u00f6r b\u00e5de erfarna golfare och nyb\u00f6rjare.<\/p><p>Efter en dag p\u00e5 golfbanan v\u00e4ntar en avkopplande stund hos oss, f\u00f6ljt av en v\u00e4lsmakande middag och en god natts s\u00f6mn i v\u00e5ra personligt inredda rum.<\/p><p>F\u00f6r bokning eller eventuella fr\u00e5gor \u00e4r du varmt v\u00e4lkommen att kontakta oss p\u00e5 telefon eller via e-post: <a href=\"mailto:boka@karlaby.se\">boka@karlaby.se<\/a>.<\/p><p>V\u00e4lkommen att uppleva golf och avkoppling i hj\u00e4rtat av \u00d6sterlen.<\/p>\n<\/div><div class=\"bde-button-18-180 bde-button\">\n    \n                                    \n    \n    \n    \n    \n            \n            <button type=\"button\" class=\"button-atom button-atom--primary bde-button__button\"  >\n    \n        <span class=\"button-atom__text\">Boka h\u00e4r<\/span>\n\n        \n        \n            <\/button>\n    \n\n\n<\/div>\n<\/div><div class=\"bde-column-18-181 bde-column\">\n  \n  \n\t\n\n\n\n<img decoding=\"async\" class=\"bde-image2-18-182 bde-image2\" src=\"https:\/\/karlaby.se\/wp-content\/uploads\/2026\/02\/golf-768x512.jpg\" loading=\"lazy\" srcset=\"https:\/\/karlaby.se\/wp-content\/uploads\/2026\/02\/golf.jpg 2338w, https:\/\/karlaby.se\/wp-content\/uploads\/2026\/02\/golf-300x200.jpg 300w, https:\/\/karlaby.se\/wp-content\/uploads\/2026\/02\/golf-1024x682.jpg 1024w, https:\/\/karlaby.se\/wp-content\/uploads\/2026\/02\/golf-768x512.jpg 768w, https:\/\/karlaby.se\/wp-content\/uploads\/2026\/02\/golf-1536x1024.jpg 1536w, https:\/\/karlaby.se\/wp-content\/uploads\/2026\/02\/golf-2048x1365.jpg 2048w\" sizes=\"(max-width: 2338px) 100vw, 2338px\">\n<\/div><\/div><\/div>\n<\/section><section id=\"osterlen\" class=\"bde-section-18-240 bde-section\">\n  \n  \n\t\n\n\n\n<div class=\"section-container\"><div class=\"bde-columns-18-241 bde-columns\"><div class=\"bde-column-18-242 bde-column\">\n  \n  \n\t\n\n\n\n<img decoding=\"async\" class=\"bde-image2-18-243 bde-image2\" src=\"https:\/\/karlaby.se\/wp-content\/uploads\/2025\/11\/osterlen-karlaby-kro-768x768.jpg\" loading=\"lazy\" srcset=\"https:\/\/karlaby.se\/wp-content\/uploads\/2025\/11\/osterlen-karlaby-kro.jpg 1086w, https:\/\/karlaby.se\/wp-content\/uploads\/2025\/11\/osterlen-karlaby-kro-300x300.jpg 300w, https:\/\/karlaby.se\/wp-content\/uploads\/2025\/11\/osterlen-karlaby-kro-1024x1024.jpg 1024w, https:\/\/karlaby.se\/wp-content\/uploads\/2025\/11\/osterlen-karlaby-kro-150x150.jpg 150w, https:\/\/karlaby.se\/wp-content\/uploads\/2025\/11\/osterlen-karlaby-kro-768x768.jpg 768w\" sizes=\"(max-width: 1086px) 100vw, 1086px\">\n<\/div><div class=\"bde-column-18-244 bde-column\">\n  \n  \n\t\n\n\n\n<h2 class=\"bde-heading-18-245 bde-heading\">\n\u00d6sterlen V\u00e4ntar\n<\/h2><div class=\"bde-rich-text-18-246 bde-rich-text breakdance-rich-text-styles\">\n<p>Karlaby Kro ligger mitt i hj\u00e4rtat av \u00d6sterlen, k\u00e4nt f\u00f6r sitt vackra landskap, konstgallerier och lokala producenter.<\/p><p>H\u00e4r \u00e4r det n\u00e4ra till allt \u2013 sandstr\u00e4nder, pittoreska byar, g\u00e5rdsbutiker och naturreservat. Perfekt f\u00f6r b\u00e5de avkoppling och uppt\u00e4ckter.<\/p><ul><li>5 minuter till Simrishamn<\/li><li>10 minuter till n\u00e4rmaste sandstrand<\/li><li>35 minuter fr\u00e5n Ystad<\/li><li>60 minuter fr\u00e5n K\u00f6penhamn flygplats<\/li><\/ul>\n<\/div><div class=\"bde-button-18-247 bde-button\">\n    \n                                    \n    \n    \n    \n    \n            \n                    \n            \n            \n\n    \n    \n    \n    \n    \n    <a class=\"breakdance-link button-atom button-atom--primary bde-button__button\" href=\"https:\/\/osterlen.se\/sv\/\" target=\"_blank\" data-type=\"url\"  >\n\n    \n        <span class=\"button-atom__text\">L\u00e4s mer om \u00d6sterlen<\/span>\n\n        \n        \n                <\/a>\n\n    \n\n\n<\/div>\n<\/div><\/div><\/div>\n<\/section>","protected":false},"excerpt":{"rendered":"<p>Dags att koppla av? Karlaby Kro Boka din vistelse Rum &#038; sviter P\u00e5 Karlaby Kro \u00e4r inget rum det andra likt. H\u00e4r bor du i en varm och lugn milj\u00f6 d\u00e4r linne, mjukt ljus och genomt\u00e4nkta detaljer s\u00e4tter tonen.V\u00e4lj ett ombonat rum f\u00f6r en stilla natt, ett gener\u00f6sare rum att landa i eller en svit [&hellip;]<\/p>\n","protected":false},"author":2,"featured_media":0,"parent":0,"menu_order":0,"comment_status":"closed","ping_status":"closed","template":"","meta":{"_breakdance_hide_in_design_set":false,"_breakdance_tags":"","footnotes":""},"class_list":["post-18","page","type-page","status-publish","hentry"],"yoast_head":"<!-- This site is optimized with the Yoast SEO plugin v27.1.1 - https:\/\/yoast.com\/product\/yoast-seo-wordpress\/ -->\n<title>Hem - Karlaby Kro<\/title>\n<meta name=\"robots\" content=\"index, follow, max-snippet:-1, max-image-preview:large, max-video-preview:-1\" \/>\n<link rel=\"canonical\" href=\"https:\/\/karlaby.se\/\" \/>\n<meta property=\"og:locale\" content=\"sv_SE\" \/>\n<meta property=\"og:type\" content=\"article\" \/>\n<meta property=\"og:title\" content=\"Hem - Karlaby Kro\" \/>\n<meta property=\"og:description\" content=\"Dags att koppla av? Karlaby Kro Boka din vistelse Rum &amp; sviter P\u00e5 Karlaby Kro \u00e4r inget rum det andra likt. H\u00e4r bor du i en varm och lugn milj\u00f6 d\u00e4r linne, mjukt ljus och genomt\u00e4nkta detaljer s\u00e4tter tonen.V\u00e4lj ett ombonat rum f\u00f6r en stilla natt, ett gener\u00f6sare rum att landa i eller en svit [&hellip;]\" \/>\n<meta property=\"og:url\" content=\"https:\/\/karlaby.se\/\" \/>\n<meta property=\"og:site_name\" content=\"Karlaby Kro\" \/>\n<meta property=\"article:modified_time\" content=\"2026-03-12T22:56:52+00:00\" \/>\n<meta name=\"twitter:card\" content=\"summary_large_image\" \/>\n<script type=\"application\/ld+json\" class=\"yoast-schema-graph\">{\"@context\":\"https:\/\/schema.org\",\"@graph\":[{\"@type\":\"WebPage\",\"@id\":\"https:\/\/karlaby.se\/\",\"url\":\"https:\/\/karlaby.se\/\",\"name\":\"Hem - Karlaby Kro\",\"isPartOf\":{\"@id\":\"https:\/\/karlaby.se\/#website\"},\"datePublished\":\"2025-11-19T15:40:26+00:00\",\"dateModified\":\"2026-03-12T22:56:52+00:00\",\"breadcrumb\":{\"@id\":\"https:\/\/karlaby.se\/#breadcrumb\"},\"inLanguage\":\"sv-SE\",\"potentialAction\":[{\"@type\":\"ReadAction\",\"target\":[\"https:\/\/karlaby.se\/\"]}]},{\"@type\":\"BreadcrumbList\",\"@id\":\"https:\/\/karlaby.se\/#breadcrumb\",\"itemListElement\":[{\"@type\":\"ListItem\",\"position\":1,\"name\":\"Hem\",\"item\":\"https:\/\/karlaby.se\/\"},{\"@type\":\"ListItem\",\"position\":2,\"name\":\"Hem\"}]},{\"@type\":\"WebSite\",\"@id\":\"https:\/\/karlaby.se\/#website\",\"url\":\"https:\/\/karlaby.se\/\",\"name\":\"Karlaby Kro\",\"description\":\"G\u00e5rdshotell p\u00e5 \u00d6sterlen\",\"potentialAction\":[{\"@type\":\"SearchAction\",\"target\":{\"@type\":\"EntryPoint\",\"urlTemplate\":\"https:\/\/karlaby.se\/?s={search_term_string}\"},\"query-input\":{\"@type\":\"PropertyValueSpecification\",\"valueRequired\":true,\"valueName\":\"search_term_string\"}}],\"inLanguage\":\"sv-SE\"}]}<\/script>\n<!-- \/ Yoast SEO plugin. -->","yoast_head_json":{"title":"Hem - Karlaby Kro","robots":{"index":"index","follow":"follow","max-snippet":"max-snippet:-1","max-image-preview":"max-image-preview:large","max-video-preview":"max-video-preview:-1"},"canonical":"https:\/\/karlaby.se\/","og_locale":"sv_SE","og_type":"article","og_title":"Hem - Karlaby Kro","og_description":"Dags att koppla av? Karlaby Kro Boka din vistelse Rum & sviter P\u00e5 Karlaby Kro \u00e4r inget rum det andra likt. H\u00e4r bor du i en varm och lugn milj\u00f6 d\u00e4r linne, mjukt ljus och genomt\u00e4nkta detaljer s\u00e4tter tonen.V\u00e4lj ett ombonat rum f\u00f6r en stilla natt, ett gener\u00f6sare rum att landa i eller en svit [&hellip;]","og_url":"https:\/\/karlaby.se\/","og_site_name":"Karlaby Kro","article_modified_time":"2026-03-12T22:56:52+00:00","twitter_card":"summary_large_image","schema":{"@context":"https:\/\/schema.org","@graph":[{"@type":"WebPage","@id":"https:\/\/karlaby.se\/","url":"https:\/\/karlaby.se\/","name":"Hem - Karlaby Kro","isPartOf":{"@id":"https:\/\/karlaby.se\/#website"},"datePublished":"2025-11-19T15:40:26+00:00","dateModified":"2026-03-12T22:56:52+00:00","breadcrumb":{"@id":"https:\/\/karlaby.se\/#breadcrumb"},"inLanguage":"sv-SE","potentialAction":[{"@type":"ReadAction","target":["https:\/\/karlaby.se\/"]}]},{"@type":"BreadcrumbList","@id":"https:\/\/karlaby.se\/#breadcrumb","itemListElement":[{"@type":"ListItem","position":1,"name":"Hem","item":"https:\/\/karlaby.se\/"},{"@type":"ListItem","position":2,"name":"Hem"}]},{"@type":"WebSite","@id":"https:\/\/karlaby.se\/#website","url":"https:\/\/karlaby.se\/","name":"Karlaby Kro","description":"G\u00e5rdshotell p\u00e5 \u00d6sterlen","potentialAction":[{"@type":"SearchAction","target":{"@type":"EntryPoint","urlTemplate":"https:\/\/karlaby.se\/?s={search_term_string}"},"query-input":{"@type":"PropertyValueSpecification","valueRequired":true,"valueName":"search_term_string"}}],"inLanguage":"sv-SE"}]}},"_links":{"self":[{"href":"https:\/\/karlaby.se\/index.php?rest_route=\/wp\/v2\/pages\/18","targetHints":{"allow":["GET"]}}],"collection":[{"href":"https:\/\/karlaby.se\/index.php?rest_route=\/wp\/v2\/pages"}],"about":[{"href":"https:\/\/karlaby.se\/index.php?rest_route=\/wp\/v2\/types\/page"}],"author":[{"embeddable":true,"href":"https:\/\/karlaby.se\/index.php?rest_route=\/wp\/v2\/users\/2"}],"replies":[{"embeddable":true,"href":"https:\/\/karlaby.se\/index.php?rest_route=%2Fwp%2Fv2%2Fcomments&post=18"}],"version-history":[{"count":88,"href":"https:\/\/karlaby.se\/index.php?rest_route=\/wp\/v2\/pages\/18\/revisions"}],"predecessor-version":[{"id":168,"href":"https:\/\/karlaby.se\/index.php?rest_route=\/wp\/v2\/pages\/18\/revisions\/168"}],"wp:attachment":[{"href":"https:\/\/karlaby.se\/index.php?rest_route=%2Fwp%2Fv2%2Fmedia&parent=18"}],"curies":[{"name":"wp","href":"https:\/\/api.w.org\/{rel}","templated":true}]}}